{"id":3261,"date":"2025-07-06T18:39:33","date_gmt":"2025-07-06T16:39:33","guid":{"rendered":"https:\/\/zeiss-orchester.de\/?post_type=tribe_events&#038;p=3261"},"modified":"2026-03-25T15:14:53","modified_gmt":"2026-03-25T14:14:53","slug":"fruehlingskonzert-2026","status":"publish","type":"tribe_events","link":"https:\/\/zeiss-orchester.de\/?tribe_events=fruehlingskonzert-2026","title":{"rendered":"Fr\u00fchlingskonzert 2026"},"content":{"rendered":"\n<!-- Facebook Like Button Vivacity Infotech BEGIN -->\n<div class=\"fb-like\" data-href=\"https:\/\/zeiss-orchester.de\/?tribe_events=fruehlingskonzert-2026\" data-layout=\"button\" data-action=\"like\" data-show-faces=\"false\" data-size=\"small\" data-width=\"450\" data-share=\"1\" ><\/div>\n<!-- Facebook Like Button Vivacity Infotech END -->\n<p>Die Titel unserer Fr\u00fchlingsmelodien k\u00f6nnen das Herz erfreuen:<\/p>\n<p>Die Sch\u00f6nbrunner; M\u00e4rzveilchen, May-Song, Fr\u00fchlingskinder, Gl\u00fchw\u00fcrmchen-Idyll,\u00a0 \u00a0 \u00a0 \u00a0 \u00a0 \u00a0 \u00a0 \u00a0 \u00a0 \u00a0 \u00a0 \u00a0 Beim ersten Kuckucksruf im Fr\u00fchling, Im Galopp durch Wald und Feld; Die Nachtigall und die Fr\u00f6sche, M\u00fcckentanz und S\u00b4 kommt\u00a0 ein Vogel geflogen.<\/p>\n<p>H\u00f6hepunkt unseres Programms ist der Auftritt eines Euphoniums, eines richtigen Angebers unter den Blechblasinstrumenten, virtuos gespielt von unserer Solistin Andrea Hobson!<\/p>\n\n<!-- Facebook Like Button Vivacity Infotech BEGIN -->\n<div class=\"fb-like\" data-href=\"https:\/\/zeiss-orchester.de\/?tribe_events=fruehlingskonzert-2026\" data-layout=\"button\" data-action=\"like\" data-show-faces=\"false\" data-size=\"small\" data-width=\"450\" data-share=\"1\" ><\/div>\n<!-- Facebook Like Button Vivacity Infotech END -->\n","protected":false},"excerpt":{"rendered":"<p>Tickets f\u00fcr 12 \u20ac und 14 \u20ac k\u00f6nnen direkt in der Jenaer Tourist-Information oder online \u00fcber diesen Link:<br \/>\nerworben werden.<\/p>\n","protected":false},"author":2,"featured_media":0,"template":"","meta":{"_price":"","_stock":"","_tribe_ticket_header":"","_tribe_default_ticket_provider":"","_tribe_ticket_capacity":"0","_ticket_start_date":"","_ticket_end_date":"","_tribe_ticket_show_description":"","_tribe_ticket_show_not_going":false,"_tribe_ticket_use_global_stock":"","_tribe_ticket_global_stock_level":"","_global_stock_mode":"","_global_stock_cap":"","_tribe_rsvp_for_event":"","_tribe_ticket_going_count":"","_tribe_ticket_not_going_count":"","_tribe_tickets_list":"[]","_tribe_ticket_has_attendee_info_fields":false,"_tribe_events_status":"","_tribe_events_status_reason":"","footnotes":"","_tec_slr_enabled":"","_tec_slr_layout":""},"tags":[],"tribe_events_cat":[],"class_list":["post-3261","tribe_events","type-tribe_events","status-publish","hentry"],"ticketed":false,"_links":{"self":[{"href":"https:\/\/zeiss-orchester.de\/index.php?rest_route=\/wp\/v2\/tribe_events\/3261","targetHints":{"allow":["GET"]}}],"collection":[{"href":"https:\/\/zeiss-orchester.de\/index.php?rest_route=\/wp\/v2\/tribe_events"}],"about":[{"href":"https:\/\/zeiss-orchester.de\/index.php?rest_route=\/wp\/v2\/types\/tribe_events"}],"author":[{"embeddable":true,"href":"https:\/\/zeiss-orchester.de\/index.php?rest_route=\/wp\/v2\/users\/2"}],"version-history":[{"count":4,"href":"https:\/\/zeiss-orchester.de\/index.php?rest_route=\/wp\/v2\/tribe_events\/3261\/revisions"}],"predecessor-version":[{"id":3441,"href":"https:\/\/zeiss-orchester.de\/index.php?rest_route=\/wp\/v2\/tribe_events\/3261\/revisions\/3441"}],"wp:attachment":[{"href":"https:\/\/zeiss-orchester.de\/index.php?rest_route=%2Fwp%2Fv2%2Fmedia&parent=3261"}],"wp:term":[{"taxonomy":"post_tag","embeddable":true,"href":"https:\/\/zeiss-orchester.de\/index.php?rest_route=%2Fwp%2Fv2%2Ftags&post=3261"},{"taxonomy":"tribe_events_cat","embeddable":true,"href":"https:\/\/zeiss-orchester.de\/index.php?rest_route=%2Fwp%2Fv2%2Ftribe_events_cat&post=3261"}],"curies":[{"name":"wp","href":"https:\/\/api.w.org\/{rel}","templated":true}]}}

Frühlingskonzert 2026

<!-- Facebook Like Button Vivacity Infotech BEGIN -->
<div class="fb-like" data-href="https://zeiss-orchester.de/?tribe_events=fruehlingskonzert-2026" data-layout="button" data-action="like" data-show-faces="false" data-size="small" data-width="450" data-share="1" ></div>
<!-- Facebook Like Button Vivacity Infotech END -->
<p>Die Titel unserer Frühlingsmelodien können das Herz erfreuen:</p>
<p>Die Schönbrunner; Märzveilchen, May-Song, Frühlingskinder, Glühwürmchen-Idyll,                        Beim ersten Kuckucksruf im Frühling, Im Galopp durch Wald und Feld; Die Nachtigall und die Frösche, Mückentanz und S´ kommt  ein Vogel geflogen.</p>
<p>Höhepunkt unseres Programms ist der Auftritt eines Euphoniums, eines richtigen Angebers unter den Blechblasinstrumenten, virtuos gespielt von unserer Solistin Andrea Hobson!</p>

<!-- Facebook Like Button Vivacity Infotech BEGIN -->
<div class="fb-like" data-href="https://zeiss-orchester.de/?tribe_events=fruehlingskonzert-2026" data-layout="button" data-action="like" data-show-faces="false" data-size="small" data-width="450" data-share="1" ></div>
<!-- Facebook Like Button Vivacity Infotech END -->

<p>Tickets für 12 € und 14 € können direkt in der Jenaer Tourist-Information oder online über diesen Link:<br />
erworben werden.</p>
