{"id":2975,"date":"2024-08-20T12:29:38","date_gmt":"2024-08-20T10:29:38","guid":{"rendered":"https:\/\/zeiss-orchester.de\/?post_type=tribe_events&#038;p=2975"},"modified":"2025-12-22T10:21:44","modified_gmt":"2025-12-22T09:21:44","slug":"weihnachtskonzert-2025","status":"publish","type":"tribe_events","link":"https:\/\/zeiss-orchester.de\/?tribe_events=weihnachtskonzert-2025","title":{"rendered":"Weihnachtskonzert 2025"},"content":{"rendered":"\n<!-- Facebook Like Button Vivacity Infotech BEGIN -->\n<div class=\"fb-like\" data-href=\"https:\/\/zeiss-orchester.de\/?tribe_events=weihnachtskonzert-2025\" data-layout=\"button\" data-action=\"like\" data-show-faces=\"false\" data-size=\"small\" data-width=\"450\" data-share=\"1\" ><\/div>\n<!-- Facebook Like Button Vivacity Infotech END -->\n<p data-start=\"93\" data-end=\"459\">Bald nun ist Weihnachtszeit und traditionell bitten wir Sie zu unserem festlich-besinnlichen Weihnachtskonzert in das Jenaer Volkshaus. Freuen Sie sich auf ein stimmungsvolles Programm mit Musik von Mozart, Dvo\u0159\u00e1k, H\u00e4ndel u.v.a.. Es erklingt Mendelssohns \u201eChor der Engel\u201c; sie h\u00f6ren ein zartes Wiegenlied, ein Minuet und die Sinfonie &#8222;Die vier Weltalter&#8220; von Von Dittersdorf. Nach der Pause f\u00fchren wir Sie mit dem Minuet aus &#8222;Beau Brummell&#8220; von Edward Elgar; weihnachtlicher Chor- und Bl\u00e4sermusik und weiteren musikalischen Leckerbissen durch den Abend. Zum Abschluss erwartet Sie mit Waldteufels funkelndem Walzer <strong data-start=\"415\" data-end=\"430\">\u201eGoldregen\u201c<\/strong> ein besonders glanzvoller Moment. Traditionell lassen wir den Konzertabend mit Saalgesang ausklingen: Wir begleiten Sie zu &#8222;O du Fr\u00f6hliche&#8230;&#8220; und verabschieden uns &#8211; wie sollte es anders sein &#8211; mit einer beschwingten \u201eSchlittenfahrt\u201c.<\/p>\n<p data-start=\"461\" data-end=\"535\">Kommen Sie vorbei und stimmen Sie sich mit uns auf die Weihnachtszeit ein!<\/p>\n\n<!-- Facebook Like Button Vivacity Infotech BEGIN -->\n<div class=\"fb-like\" data-href=\"https:\/\/zeiss-orchester.de\/?tribe_events=weihnachtskonzert-2025\" data-layout=\"button\" data-action=\"like\" data-show-faces=\"false\" data-size=\"small\" data-width=\"450\" data-share=\"1\" ><\/div>\n<!-- Facebook Like Button Vivacity Infotech END -->\n","protected":false},"excerpt":{"rendered":"<p>Bald nun ist Weihnachtszeit und traditionell bitten wir Sie zu unserem festlich-besinnlichen Weihnachtskonzert in das Jenaer Volkshaus. Freuen Sie sich auf ein stimmungsvolles Programm mit Musik von Mozart, Dvo\u0159\u00e1k, H\u00e4ndel [&hellip;]<\/p>\n","protected":false},"author":2,"featured_media":3366,"template":"","meta":{"_price":"","_stock":"","_tribe_ticket_header":"","_tribe_default_ticket_provider":"","_tribe_ticket_capacity":"0","_ticket_start_date":"","_ticket_end_date":"","_tribe_ticket_show_description":"","_tribe_ticket_show_not_going":false,"_tribe_ticket_use_global_stock":"","_tribe_ticket_global_stock_level":"","_global_stock_mode":"","_global_stock_cap":"","_tribe_rsvp_for_event":"","_tribe_ticket_going_count":"","_tribe_ticket_not_going_count":"","_tribe_tickets_list":"[]","_tribe_ticket_has_attendee_info_fields":false,"_tribe_events_status":"","_tribe_events_status_reason":"","footnotes":"","_tec_slr_enabled":"","_tec_slr_layout":""},"tags":[],"tribe_events_cat":[],"class_list":["post-2975","tribe_events","type-tribe_events","status-publish","has-post-thumbnail","hentry"],"ticketed":false,"_links":{"self":[{"href":"https:\/\/zeiss-orchester.de\/index.php?rest_route=\/wp\/v2\/tribe_events\/2975","targetHints":{"allow":["GET"]}}],"collection":[{"href":"https:\/\/zeiss-orchester.de\/index.php?rest_route=\/wp\/v2\/tribe_events"}],"about":[{"href":"https:\/\/zeiss-orchester.de\/index.php?rest_route=\/wp\/v2\/types\/tribe_events"}],"author":[{"embeddable":true,"href":"https:\/\/zeiss-orchester.de\/index.php?rest_route=\/wp\/v2\/users\/2"}],"version-history":[{"count":9,"href":"https:\/\/zeiss-orchester.de\/index.php?rest_route=\/wp\/v2\/tribe_events\/2975\/revisions"}],"predecessor-version":[{"id":3368,"href":"https:\/\/zeiss-orchester.de\/index.php?rest_route=\/wp\/v2\/tribe_events\/2975\/revisions\/3368"}],"wp:featuredmedia":[{"embeddable":true,"href":"https:\/\/zeiss-orchester.de\/index.php?rest_route=\/wp\/v2\/media\/3366"}],"wp:attachment":[{"href":"https:\/\/zeiss-orchester.de\/index.php?rest_route=%2Fwp%2Fv2%2Fmedia&parent=2975"}],"wp:term":[{"taxonomy":"post_tag","embeddable":true,"href":"https:\/\/zeiss-orchester.de\/index.php?rest_route=%2Fwp%2Fv2%2Ftags&post=2975"},{"taxonomy":"tribe_events_cat","embeddable":true,"href":"https:\/\/zeiss-orchester.de\/index.php?rest_route=%2Fwp%2Fv2%2Ftribe_events_cat&post=2975"}],"curies":[{"name":"wp","href":"https:\/\/api.w.org\/{rel}","templated":true}]}}

<!-- Facebook Like Button Vivacity Infotech BEGIN -->
<div class="fb-like" data-href="https://zeiss-orchester.de/?tribe_events=weihnachtskonzert-2025" data-layout="button" data-action="like" data-show-faces="false" data-size="small" data-width="450" data-share="1" ></div>
<!-- Facebook Like Button Vivacity Infotech END -->
<p data-start="93" data-end="459">Bald nun ist Weihnachtszeit und traditionell bitten wir Sie zu unserem festlich-besinnlichen Weihnachtskonzert in das Jenaer Volkshaus. Freuen Sie sich auf ein stimmungsvolles Programm mit Musik von Mozart, Dvořák, Händel u.v.a.. Es erklingt Mendelssohns „Chor der Engel“; sie hören ein zartes Wiegenlied, ein Minuet und die Sinfonie &#8222;Die vier Weltalter&#8220; von Von Dittersdorf. Nach der Pause führen wir Sie mit dem Minuet aus &#8222;Beau Brummell&#8220; von Edward Elgar; weihnachtlicher Chor- und Bläsermusik und weiteren musikalischen Leckerbissen durch den Abend. Zum Abschluss erwartet Sie mit Waldteufels funkelndem Walzer <strong data-start="415" data-end="430">„Goldregen“</strong> ein besonders glanzvoller Moment. Traditionell lassen wir den Konzertabend mit Saalgesang ausklingen: Wir begleiten Sie zu &#8222;O du Fröhliche&#8230;&#8220; und verabschieden uns &#8211; wie sollte es anders sein &#8211; mit einer beschwingten „Schlittenfahrt“.</p>
<p data-start="461" data-end="535">Kommen Sie vorbei und stimmen Sie sich mit uns auf die Weihnachtszeit ein!</p>

<!-- Facebook Like Button Vivacity Infotech BEGIN -->
<div class="fb-like" data-href="https://zeiss-orchester.de/?tribe_events=weihnachtskonzert-2025" data-layout="button" data-action="like" data-show-faces="false" data-size="small" data-width="450" data-share="1" ></div>
<!-- Facebook Like Button Vivacity Infotech END -->

<p>Bald nun ist Weihnachtszeit und traditionell bitten wir Sie zu unserem festlich-besinnlichen Weihnachtskonzert in das Jenaer Volkshaus. Freuen Sie sich auf ein stimmungsvolles Programm mit Musik von Mozart, Dvořák, Händel [&hellip;]</p>
