{"id":2973,"date":"2024-08-20T12:28:13","date_gmt":"2024-08-20T10:28:13","guid":{"rendered":"https:\/\/zeiss-orchester.de\/?post_type=tribe_events&#038;p=2973"},"modified":"2026-01-15T16:44:43","modified_gmt":"2026-01-15T15:44:43","slug":"herbstkonzert-2025","status":"publish","type":"tribe_events","link":"https:\/\/zeiss-orchester.de\/?tribe_events=herbstkonzert-2025","title":{"rendered":"Herbstkonzert 2025"},"content":{"rendered":"\n<!-- Facebook Like Button Vivacity Infotech BEGIN -->\n<div class=\"fb-like\" data-href=\"https:\/\/zeiss-orchester.de\/?tribe_events=herbstkonzert-2025\" data-layout=\"button\" data-action=\"like\" data-show-faces=\"false\" data-size=\"small\" data-width=\"450\" data-share=\"1\" ><\/div>\n<!-- Facebook Like Button Vivacity Infotech END -->\n<p>Zu unserem Herbstkonzert erwarten Sie wieder musikalische Leckerbissen. Es geht um Liebe und Leid. Diesen Gef\u00fchlen werden wir in einem Reigen aus Romanzen, Miniaturen im Wiener Stil, einer Polka, einem Walzer und vielem anderen mehr Ausdruck verleihen.<\/p>\n<p style=\"text-align: left;\">Zu Beginn h\u00f6ren Sie einen Marsch von Felix Mendelssohn-Bartholdy,\u00a0 \u00a0 \u00a0 \u00a0 \u00a0 \u00a0 \u00a0 gefolgt von der Ouvert\u00fcre zur Oper &#8222;Zar und Zimmermann&#8220; von Albert Lortzing, Ludwig van Beethovens Romanze f\u00fcr Violine und Orchester u.a.m.. Nach der Pause wird es noch romantischer: Sie h\u00f6ren Emil Waldteufels &#8222;Der erste Blumenstrau\u00df&#8220; und k\u00f6nnen sich in &#8222;Liebesfreud&#8220; und &#8222;Liebesleid&#8220; von Fritz Kreisler einf\u00fchlen.<\/p>\n<p>H\u00f6hepunkt unseres Programms ist die Gro\u00dfe Fantasie aus der Oper &#8222;Die Perlenfischer&#8220; von George Bizet.\u00a0 Die Handlung spielt auf der Insel Ceylon (heute Sri Lanka) im Indischen Ozean. Es geht um zwei Freunde, die Perlenfischer Zurga und Nadir, die sich beide in die Priesterin L\u00e9\u00efla verlieben, obwohl sie einst schworen, ihre Freundschaft nicht durch Liebe zu gef\u00e4hrden. Nadir und L\u00e9\u00efla lieben sich heimlich, werden aber entdeckt. Zurga, aus Eifersucht und Pflichtgef\u00fchl, will sie bestrafen, l\u00e4sst sie am Ende aber aus Mitgef\u00fchl und Dankbarkeit entkommen. Mit den Wohlkl\u00e4ngen dieses vers\u00f6hnlichen Endes einer tragischen Geschichte verabschieden wir uns.<\/p>\n<p>Die\u00a0 <span style=\"font-size: 1rem;\">Solostimmen unserer sch\u00f6nsten Melodien werden Ihnen von den Jenaer Philharmonikern\u00a0 Markus Eckart und Izabella Di<\/span><span style=\"font-size: 1rem;\">cu vorgetragen.<\/span><\/p>\n<p><a href=\"https:\/\/zeiss-orchester.de\/wp-content\/uploads\/2024\/08\/Plakat_HK_SOZ.pdf\">Plakat_HK_SOZ<\/a><\/p>\n\n<!-- Facebook Like Button Vivacity Infotech BEGIN -->\n<div class=\"fb-like\" data-href=\"https:\/\/zeiss-orchester.de\/?tribe_events=herbstkonzert-2025\" data-layout=\"button\" data-action=\"like\" data-show-faces=\"false\" data-size=\"small\" data-width=\"450\" data-share=\"1\" ><\/div>\n<!-- Facebook Like Button Vivacity Infotech END -->\n","protected":false},"excerpt":{"rendered":"<p>Zu unserem Herbstkonzert erwarten Sie wieder musikalische Leckerbissen. Es geht um Liebe und Leid. Diesen Gef\u00fchlen werden wir in einem Reigen aus Romanzen, Miniaturen im Wiener Stil, einer Polka, einem [&hellip;]<\/p>\n","protected":false},"author":2,"featured_media":0,"template":"","meta":{"_price":"","_stock":"","_tribe_ticket_header":"","_tribe_default_ticket_provider":"","_tribe_ticket_capacity":"0","_ticket_start_date":"","_ticket_end_date":"","_tribe_ticket_show_description":"","_tribe_ticket_show_not_going":false,"_tribe_ticket_use_global_stock":"","_tribe_ticket_global_stock_level":"","_global_stock_mode":"","_global_stock_cap":"","_tribe_rsvp_for_event":"","_tribe_ticket_going_count":"","_tribe_ticket_not_going_count":"","_tribe_tickets_list":"[]","_tribe_ticket_has_attendee_info_fields":false,"_tribe_events_status":"","_tribe_events_status_reason":"","footnotes":"","_tec_slr_enabled":"","_tec_slr_layout":""},"tags":[],"tribe_events_cat":[],"class_list":["post-2973","tribe_events","type-tribe_events","status-publish","hentry"],"ticketed":false,"_links":{"self":[{"href":"https:\/\/zeiss-orchester.de\/index.php?rest_route=\/wp\/v2\/tribe_events\/2973","targetHints":{"allow":["GET"]}}],"collection":[{"href":"https:\/\/zeiss-orchester.de\/index.php?rest_route=\/wp\/v2\/tribe_events"}],"about":[{"href":"https:\/\/zeiss-orchester.de\/index.php?rest_route=\/wp\/v2\/types\/tribe_events"}],"author":[{"embeddable":true,"href":"https:\/\/zeiss-orchester.de\/index.php?rest_route=\/wp\/v2\/users\/2"}],"version-history":[{"count":17,"href":"https:\/\/zeiss-orchester.de\/index.php?rest_route=\/wp\/v2\/tribe_events\/2973\/revisions"}],"predecessor-version":[{"id":3381,"href":"https:\/\/zeiss-orchester.de\/index.php?rest_route=\/wp\/v2\/tribe_events\/2973\/revisions\/3381"}],"wp:attachment":[{"href":"https:\/\/zeiss-orchester.de\/index.php?rest_route=%2Fwp%2Fv2%2Fmedia&parent=2973"}],"wp:term":[{"taxonomy":"post_tag","embeddable":true,"href":"https:\/\/zeiss-orchester.de\/index.php?rest_route=%2Fwp%2Fv2%2Ftags&post=2973"},{"taxonomy":"tribe_events_cat","embeddable":true,"href":"https:\/\/zeiss-orchester.de\/index.php?rest_route=%2Fwp%2Fv2%2Ftribe_events_cat&post=2973"}],"curies":[{"name":"wp","href":"https:\/\/api.w.org\/{rel}","templated":true}]}}

<!-- Facebook Like Button Vivacity Infotech BEGIN -->
<div class="fb-like" data-href="https://zeiss-orchester.de/?tribe_events=herbstkonzert-2025" data-layout="button" data-action="like" data-show-faces="false" data-size="small" data-width="450" data-share="1" ></div>
<!-- Facebook Like Button Vivacity Infotech END -->
<p>Zu unserem Herbstkonzert erwarten Sie wieder musikalische Leckerbissen. Es geht um Liebe und Leid. Diesen Gefühlen werden wir in einem Reigen aus Romanzen, Miniaturen im Wiener Stil, einer Polka, einem Walzer und vielem anderen mehr Ausdruck verleihen.</p>
<p style="text-align: left;">Zu Beginn hören Sie einen Marsch von Felix Mendelssohn-Bartholdy,              gefolgt von der Ouvertüre zur Oper &#8222;Zar und Zimmermann&#8220; von Albert Lortzing, Ludwig van Beethovens Romanze für Violine und Orchester u.a.m.. Nach der Pause wird es noch romantischer: Sie hören Emil Waldteufels &#8222;Der erste Blumenstrauß&#8220; und können sich in &#8222;Liebesfreud&#8220; und &#8222;Liebesleid&#8220; von Fritz Kreisler einfühlen.</p>
<p>Höhepunkt unseres Programms ist die Große Fantasie aus der Oper &#8222;Die Perlenfischer&#8220; von George Bizet.  Die Handlung spielt auf der Insel Ceylon (heute Sri Lanka) im Indischen Ozean. Es geht um zwei Freunde, die Perlenfischer Zurga und Nadir, die sich beide in die Priesterin Léïla verlieben, obwohl sie einst schworen, ihre Freundschaft nicht durch Liebe zu gefährden. Nadir und Léïla lieben sich heimlich, werden aber entdeckt. Zurga, aus Eifersucht und Pflichtgefühl, will sie bestrafen, lässt sie am Ende aber aus Mitgefühl und Dankbarkeit entkommen. Mit den Wohlklängen dieses versöhnlichen Endes einer tragischen Geschichte verabschieden wir uns.</p>
<p>Die  <span style="font-size: 1rem;">Solostimmen unserer schönsten Melodien werden Ihnen von den Jenaer Philharmonikern  Markus Eckart und Izabella Di</span><span style="font-size: 1rem;">cu vorgetragen.</span></p>
<p><a href="https://zeiss-orchester.de/wp-content/uploads/2024/08/Plakat_HK_SOZ.pdf">Plakat_HK_SOZ</a></p>

<!-- Facebook Like Button Vivacity Infotech BEGIN -->
<div class="fb-like" data-href="https://zeiss-orchester.de/?tribe_events=herbstkonzert-2025" data-layout="button" data-action="like" data-show-faces="false" data-size="small" data-width="450" data-share="1" ></div>
<!-- Facebook Like Button Vivacity Infotech END -->

<p>Zu unserem Herbstkonzert erwarten Sie wieder musikalische Leckerbissen. Es geht um Liebe und Leid. Diesen Gefühlen werden wir in einem Reigen aus Romanzen, Miniaturen im Wiener Stil, einer Polka, einem [&hellip;]</p>
