{"id":266,"date":"2015-03-15T00:44:53","date_gmt":"2015-03-14T22:44:53","guid":{"rendered":"http:\/\/zeiss-orchester.de\/?post_type=tribe_events&#038;p=266"},"modified":"2018-12-30T05:14:58","modified_gmt":"2018-12-30T05:14:58","slug":"herbstkonzert-meine-schoenste-melodie","status":"publish","type":"tribe_events","link":"https:\/\/zeiss-orchester.de\/?tribe_events=herbstkonzert-meine-schoenste-melodie","title":{"rendered":"Herbstkonzert 2015: Romantik in Musik und Dichtung"},"content":{"rendered":"\n<!-- Facebook Like Button Vivacity Infotech BEGIN -->\n<div class=\"fb-like\" data-href=\"https:\/\/zeiss-orchester.de\/?tribe_events=herbstkonzert-meine-schoenste-melodie\" data-layout=\"button\" data-action=\"like\" data-show-faces=\"false\" data-size=\"small\" data-width=\"450\" data-share=\"1\" ><\/div>\n<!-- Facebook Like Button Vivacity Infotech END -->\n<p>Passend zum Romantik-Jahr pr\u00e4sentieren auch wir ein Programm von Schubert, \u00fcber Wagner und Bruch bis hin zu Carl Maria von Weber und Jean Sibelius. Als G\u00e4ste begr\u00fc\u00dfen wir wieder den M\u00e4nnerchor Taubach unter der Leitung von Harald D\u00fcbler. Durchs Programm f\u00fchren wird uns Gunnar Breske vom MDR, der die Dichtung ohne offiziellen Musikanteil zur Geltung bringen wird.<\/p>\n<p>&nbsp;<\/p>\n<p>&nbsp;<\/p>\n\n<!-- Facebook Like Button Vivacity Infotech BEGIN -->\n<div class=\"fb-like\" data-href=\"https:\/\/zeiss-orchester.de\/?tribe_events=herbstkonzert-meine-schoenste-melodie\" data-layout=\"button\" data-action=\"like\" data-show-faces=\"false\" data-size=\"small\" data-width=\"450\" data-share=\"1\" ><\/div>\n<!-- Facebook Like Button Vivacity Infotech END -->\n","protected":false},"excerpt":{"rendered":"<p>Passend zum Romantik-Jahr pr\u00e4sentieren auch wir ein Programm von Schubert, \u00fcber Wagner und Bruch bis hin zu Carl Maria von Weber und Jean Sibelius. Als G\u00e4ste begr\u00fc\u00dfen wir wieder den [&hellip;]<\/p>\n","protected":false},"author":2,"featured_media":0,"template":"","meta":{"_price":"","_stock":"","_tribe_ticket_header":"","_tribe_default_ticket_provider":"","_tribe_ticket_capacity":"0","_ticket_start_date":"","_ticket_end_date":"","_tribe_ticket_show_description":"","_tribe_ticket_show_not_going":false,"_tribe_ticket_use_global_stock":"","_tribe_ticket_global_stock_level":"","_global_stock_mode":"","_global_stock_cap":"","_tribe_rsvp_for_event":"","_tribe_ticket_going_count":"","_tribe_ticket_not_going_count":"","_tribe_tickets_list":"[]","_tribe_ticket_has_attendee_info_fields":false,"_tribe_events_status":"","_tribe_events_status_reason":"","footnotes":"","_tec_slr_enabled":"","_tec_slr_layout":""},"tags":[],"tribe_events_cat":[],"class_list":["post-266","tribe_events","type-tribe_events","status-publish","hentry"],"ticketed":false,"_links":{"self":[{"href":"https:\/\/zeiss-orchester.de\/index.php?rest_route=\/wp\/v2\/tribe_events\/266","targetHints":{"allow":["GET"]}}],"collection":[{"href":"https:\/\/zeiss-orchester.de\/index.php?rest_route=\/wp\/v2\/tribe_events"}],"about":[{"href":"https:\/\/zeiss-orchester.de\/index.php?rest_route=\/wp\/v2\/types\/tribe_events"}],"author":[{"embeddable":true,"href":"https:\/\/zeiss-orchester.de\/index.php?rest_route=\/wp\/v2\/users\/2"}],"version-history":[{"count":1,"href":"https:\/\/zeiss-orchester.de\/index.php?rest_route=\/wp\/v2\/tribe_events\/266\/revisions"}],"predecessor-version":[{"id":1548,"href":"https:\/\/zeiss-orchester.de\/index.php?rest_route=\/wp\/v2\/tribe_events\/266\/revisions\/1548"}],"wp:attachment":[{"href":"https:\/\/zeiss-orchester.de\/index.php?rest_route=%2Fwp%2Fv2%2Fmedia&parent=266"}],"wp:term":[{"taxonomy":"post_tag","embeddable":true,"href":"https:\/\/zeiss-orchester.de\/index.php?rest_route=%2Fwp%2Fv2%2Ftags&post=266"},{"taxonomy":"tribe_events_cat","embeddable":true,"href":"https:\/\/zeiss-orchester.de\/index.php?rest_route=%2Fwp%2Fv2%2Ftribe_events_cat&post=266"}],"curies":[{"name":"wp","href":"https:\/\/api.w.org\/{rel}","templated":true}]}}

<!-- Facebook Like Button Vivacity Infotech BEGIN -->
<div class="fb-like" data-href="https://zeiss-orchester.de/?tribe_events=herbstkonzert-meine-schoenste-melodie" data-layout="button" data-action="like" data-show-faces="false" data-size="small" data-width="450" data-share="1" ></div>
<!-- Facebook Like Button Vivacity Infotech END -->
<p>Passend zum Romantik-Jahr präsentieren auch wir ein Programm von Schubert, über Wagner und Bruch bis hin zu Carl Maria von Weber und Jean Sibelius. Als Gäste begrüßen wir wieder den Männerchor Taubach unter der Leitung von Harald Dübler. Durchs Programm führen wird uns Gunnar Breske vom MDR, der die Dichtung ohne offiziellen Musikanteil zur Geltung bringen wird.</p>
<p>&nbsp;</p>
<p>&nbsp;</p>

<!-- Facebook Like Button Vivacity Infotech BEGIN -->
<div class="fb-like" data-href="https://zeiss-orchester.de/?tribe_events=herbstkonzert-meine-schoenste-melodie" data-layout="button" data-action="like" data-show-faces="false" data-size="small" data-width="450" data-share="1" ></div>
<!-- Facebook Like Button Vivacity Infotech END -->

<p>Passend zum Romantik-Jahr präsentieren auch wir ein Programm von Schubert, über Wagner und Bruch bis hin zu Carl Maria von Weber und Jean Sibelius. Als Gäste begrüßen wir wieder den [&hellip;]</p>
