{"id":2647,"date":"2023-07-13T15:27:36","date_gmt":"2023-07-13T13:27:36","guid":{"rendered":"https:\/\/zeiss-orchester.de\/?post_type=tribe_events&#038;p=2647"},"modified":"2025-03-18T16:49:57","modified_gmt":"2025-03-18T15:49:57","slug":"weihnachtskonzert-2024","status":"publish","type":"tribe_events","link":"https:\/\/zeiss-orchester.de\/?tribe_events=weihnachtskonzert-2024","title":{"rendered":"Weihnachtskonzert 2024 mit a capella Chor aus Erfurt"},"content":{"rendered":"\n<!-- Facebook Like Button Vivacity Infotech BEGIN -->\n<div class=\"fb-like\" data-href=\"https:\/\/zeiss-orchester.de\/?tribe_events=weihnachtskonzert-2024\" data-layout=\"button\" data-action=\"like\" data-show-faces=\"false\" data-size=\"small\" data-width=\"450\" data-share=\"1\" ><\/div>\n<!-- Facebook Like Button Vivacity Infotech END -->\n<p><span style=\"font-family: Times New Roman, serif;\"><span style=\"font-size: medium;\">Unser Weihnachtskonzert wird feierlich, festlich und barock. Was Sie erwartet:\u00a0 \u00a0 \u00a0 \u00a0 \u00a0 \u00a0 \u00a0 \u00a0 \u00a0 \u00a0 \u00a0 \u00a0 \u00a0 <\/span><\/span><span style=\"font-family: Times New Roman, serif;\"><span style=\"font-size: medium;\">Los geht es mit einer Ouvert\u00fcre aus einer Komposition des Britten Arne, die die Entf\u00fchrung einer Dame durch den Magier Comus beschreibt; wir befinden uns im 16. Jahrhundert. Es folgt eine Ballettmusik des Franzosen Delibes zu einem Theaterst\u00fcck von Victor Hugo, in dem die amour\u00f6sen Eskapaden am Hofe beschrieben werden. \u201cDer K\u00f6nig am\u00fcsiert sich\u201d- mit der Tochter seines Hofnarren! Das Air aus der Serenade des US-Amerikaners Foote schlie\u00dft sich an; diese \u201cheitere Abendmusik\u201d kam Ende des 19. Jahrhunderts zur Urauff\u00fchrung.\u00a0 \u00a0 \u00a0 \u00a0 \u00a0 \u00a0 \u00a0 \u00a0 \u00a0 \u00a0 \u00a0 \u00a0 \u00a0 \u00a0 \u00a0 \u00a0 \u00a0 \u00a0 \u00a0 \u00a0 \u00a0 \u00a0 \u00a0 \u00a0 \u00a0<\/span><\/span><span style=\"font-size: medium; font-family: 'Times New Roman', serif;\">Im weiteren Verlauf des Abends h\u00f6ren Sie zwei S\u00e4tze aus der Ballettmusik zur Oper \u201cOrpheus und Euridike\u201d des deutschen Komponisten Gluck.\u00a0 \u00a0 \u00a0 \u00a0 \u00a0 \u00a0 \u00a0 \u00a0 \u00a0 \u00a0 \u00a0 \u00a0 \u00a0 \u00a0 \u00a0 \u00a0 \u00a0 \u00a0 \u00a0 \u00a0 \u00a0 \u00a0 \u00a0 \u00a0 \u00a0 \u00a0 \u00a0 \u00a0 \u00a0 \u00a0 \u00a0 \u00a0 \u00a0 \u00a0 \u00a0 \u00a0 \u00a0 \u00a0<\/span><span style=\"font-family: Times New Roman, serif;\"><span style=\"font-size: medium;\">Besonders im 2. Teil unseres Konzertes werden Weihnachtslieder zu h\u00f6ren sein, die in mehr oder weniger bekannten Werken von Komponisten wie Liszt oder Anderson verpackt sind! Zuletzt pr\u00e4sentieren wir den Walzer \u201cSirenenzauber\u201d des Franzosen Waldteufel, der fr\u00f6hlich und ausdrucksstark beschreibt, wie sch\u00f6ne Frauen so manche M\u00e4nner ins Verderben st\u00fcrzen k\u00f6nnen- nat\u00fcrlich nur in der griechischen Mythologie!\u00a0 \u00a0 \u00a0 \u00a0 \u00a0 \u00a0 \u00a0 \u00a0 \u00a0 \u00a0 \u00a0 \u00a0 \u00a0 \u00a0 \u00a0 \u00a0 \u00a0 \u00a0 \u00a0 \u00a0 \u00a0 \u00a0 \u00a0 \u00a0 \u00a0 \u00a0 \u00a0 \u00a0 \u00a0 \u00a0 \u00a0 \u00a0 \u00a0 \u00a0 \u00a0 \u00a0 \u00a0 \u00a0 \u00a0 \u00a0 \u00a0 \u00a0 \u00a0 \u00a0 <\/span><\/span><span style=\"font-family: Times New Roman, serif;\"><span style=\"font-size: medium;\">Auch Bl\u00e4sermusik wird nicht fehlen und unsere besonderen G\u00e4ste werden dieses Jahr vier S\u00e4nger des Chores TonTaube aus Erfurt sein. <\/span><\/span><\/p>\n\n<!-- Facebook Like Button Vivacity Infotech BEGIN -->\n<div class=\"fb-like\" data-href=\"https:\/\/zeiss-orchester.de\/?tribe_events=weihnachtskonzert-2024\" data-layout=\"button\" data-action=\"like\" data-show-faces=\"false\" data-size=\"small\" data-width=\"450\" data-share=\"1\" ><\/div>\n<!-- Facebook Like Button Vivacity Infotech END -->\n","protected":false},"excerpt":{"rendered":"<p>Unser Weihnachtskonzert wird feierlich, festlich und barock. Was Sie erwartet:\u00a0 \u00a0 \u00a0 \u00a0 \u00a0 \u00a0 \u00a0 \u00a0 \u00a0 \u00a0 \u00a0 \u00a0 \u00a0 Los geht es mit einer Ouvert\u00fcre aus einer [&hellip;]<\/p>\n","protected":false},"author":2,"featured_media":0,"template":"","meta":{"_price":"","_stock":"","_tribe_ticket_header":"","_tribe_default_ticket_provider":"","_tribe_ticket_capacity":"0","_ticket_start_date":"","_ticket_end_date":"","_tribe_ticket_show_description":"","_tribe_ticket_show_not_going":false,"_tribe_ticket_use_global_stock":"","_tribe_ticket_global_stock_level":"","_global_stock_mode":"","_global_stock_cap":"","_tribe_rsvp_for_event":"","_tribe_ticket_going_count":"","_tribe_ticket_not_going_count":"","_tribe_tickets_list":"[]","_tribe_ticket_has_attendee_info_fields":false,"_tribe_events_status":"","_tribe_events_status_reason":"","footnotes":"","_tec_slr_enabled":"","_tec_slr_layout":""},"tags":[],"tribe_events_cat":[],"class_list":["post-2647","tribe_events","type-tribe_events","status-publish","hentry"],"ticketed":false,"_links":{"self":[{"href":"https:\/\/zeiss-orchester.de\/index.php?rest_route=\/wp\/v2\/tribe_events\/2647","targetHints":{"allow":["GET"]}}],"collection":[{"href":"https:\/\/zeiss-orchester.de\/index.php?rest_route=\/wp\/v2\/tribe_events"}],"about":[{"href":"https:\/\/zeiss-orchester.de\/index.php?rest_route=\/wp\/v2\/types\/tribe_events"}],"author":[{"embeddable":true,"href":"https:\/\/zeiss-orchester.de\/index.php?rest_route=\/wp\/v2\/users\/2"}],"version-history":[{"count":7,"href":"https:\/\/zeiss-orchester.de\/index.php?rest_route=\/wp\/v2\/tribe_events\/2647\/revisions"}],"predecessor-version":[{"id":3096,"href":"https:\/\/zeiss-orchester.de\/index.php?rest_route=\/wp\/v2\/tribe_events\/2647\/revisions\/3096"}],"wp:attachment":[{"href":"https:\/\/zeiss-orchester.de\/index.php?rest_route=%2Fwp%2Fv2%2Fmedia&parent=2647"}],"wp:term":[{"taxonomy":"post_tag","embeddable":true,"href":"https:\/\/zeiss-orchester.de\/index.php?rest_route=%2Fwp%2Fv2%2Ftags&post=2647"},{"taxonomy":"tribe_events_cat","embeddable":true,"href":"https:\/\/zeiss-orchester.de\/index.php?rest_route=%2Fwp%2Fv2%2Ftribe_events_cat&post=2647"}],"curies":[{"name":"wp","href":"https:\/\/api.w.org\/{rel}","templated":true}]}}

<!-- Facebook Like Button Vivacity Infotech BEGIN -->
<div class="fb-like" data-href="https://zeiss-orchester.de/?tribe_events=weihnachtskonzert-2024" data-layout="button" data-action="like" data-show-faces="false" data-size="small" data-width="450" data-share="1" ></div>
<!-- Facebook Like Button Vivacity Infotech END -->
<p><span style="font-family: Times New Roman, serif;"><span style="font-size: medium;">Unser Weihnachtskonzert wird feierlich, festlich und barock. Was Sie erwartet:                          </span></span><span style="font-family: Times New Roman, serif;"><span style="font-size: medium;">Los geht es mit einer Ouvertüre aus einer Komposition des Britten Arne, die die Entführung einer Dame durch den Magier Comus beschreibt; wir befinden uns im 16. Jahrhundert. Es folgt eine Ballettmusik des Franzosen Delibes zu einem Theaterstück von Victor Hugo, in dem die amourösen Eskapaden am Hofe beschrieben werden. “Der König amüsiert sich”- mit der Tochter seines Hofnarren! Das Air aus der Serenade des US-Amerikaners Foote schließt sich an; diese “heitere Abendmusik” kam Ende des 19. Jahrhunderts zur Uraufführung.                                                 </span></span><span style="font-size: medium; font-family: 'Times New Roman', serif;">Im weiteren Verlauf des Abends hören Sie zwei Sätze aus der Ballettmusik zur Oper “Orpheus und Euridike” des deutschen Komponisten Gluck.                                                                           </span><span style="font-family: Times New Roman, serif;"><span style="font-size: medium;">Besonders im 2. Teil unseres Konzertes werden Weihnachtslieder zu hören sein, die in mehr oder weniger bekannten Werken von Komponisten wie Liszt oder Anderson verpackt sind! Zuletzt präsentieren wir den Walzer “Sirenenzauber” des Franzosen Waldteufel, der fröhlich und ausdrucksstark beschreibt, wie schöne Frauen so manche Männer ins Verderben stürzen können- natürlich nur in der griechischen Mythologie!                                                                                        </span></span><span style="font-family: Times New Roman, serif;"><span style="font-size: medium;">Auch Bläsermusik wird nicht fehlen und unsere besonderen Gäste werden dieses Jahr vier Sänger des Chores TonTaube aus Erfurt sein. </span></span></p>

<!-- Facebook Like Button Vivacity Infotech BEGIN -->
<div class="fb-like" data-href="https://zeiss-orchester.de/?tribe_events=weihnachtskonzert-2024" data-layout="button" data-action="like" data-show-faces="false" data-size="small" data-width="450" data-share="1" ></div>
<!-- Facebook Like Button Vivacity Infotech END -->

<p>Unser Weihnachtskonzert wird feierlich, festlich und barock. Was Sie erwartet:                          Los geht es mit einer Ouvertüre aus einer [&hellip;]</p>
