{"id":133,"date":"2014-01-26T00:54:42","date_gmt":"2014-01-25T22:54:42","guid":{"rendered":"http:\/\/arbeitstitel.bplaced.de\/?post_type=tribe_events&amp;p=133"},"modified":"2014-01-26T00:54:42","modified_gmt":"2014-01-25T22:54:42","slug":"herbstkonzert","status":"publish","type":"tribe_events","link":"https:\/\/zeiss-orchester.de\/?tribe_events=herbstkonzert","title":{"rendered":"Herbstkonzert: Gemeinschaftskonzert mit dem Oratorienchor L\u00fcdenscheid zum 25. Jahrestag des Mauerfalls"},"content":{"rendered":"\n<!-- Facebook Like Button Vivacity Infotech BEGIN -->\n<div class=\"fb-like\" data-href=\"https:\/\/zeiss-orchester.de\/?tribe_events=herbstkonzert\" data-layout=\"button\" data-action=\"like\" data-show-faces=\"false\" data-size=\"small\" data-width=\"450\" data-share=\"1\" ><\/div>\n<!-- Facebook Like Button Vivacity Infotech END -->\n<p style=\"text-align: justify;\">Das 135. Konzert des Sinfonieorchesters Carl Zeiss Jena verspricht, ein H\u00f6hepunkt in der Geschichte des Jenaer Klangk\u00f6rpers zu werden, der in diesem Jahr auf sein 80-j\u00e4hriges Bestehen zur\u00fcckblicken kann: Aus Anlass des 25. Jahrestages des Mauerfalls wird er gemeinsam mit dem Oratorienchor L\u00fcdenscheid das kulturelle Zusammenwachsen der fr\u00fcher getrennten Teile Deutschlands h\u00f6rbar demonstrieren.<\/p>\n<p style=\"text-align: justify;\">Der 1985 aus zwei Vorg\u00e4ngerch\u00f6ren gegr\u00fcndete Oratorienchor L\u00fcdenscheid e.V. hat unter Leitung seines erfahrenen Leiters, des international erfahrenen Dirigenten und Organisten Peter Bonzelet, zahlreiche anspruchsvolle Chorwerke aufgef\u00fchrt,darunter z.B. die \u201eCarmina Burana\u201c von Carl Orff und die Kantate \u201eSaint Nicolas\u201c von Benjamin Britten. Zur Zeit hat der Chor 68 Mitglieder.<\/p>\n<p style=\"text-align: justify;\">Zum Gemeinschaftskonzert am 26. Oktober erklingen Werke von:<br \/>\nAntonin Dvorak, Bedrich Smetana, Franz Schubert, Johann Strau\u00df,\u00a0 Charles Gounod,\u00a0 Giuseppe Verdi, Eduard K\u00fcnneke, Richard Rodgers und Liebeslieder verschiedener Komponisten.<\/p>\n\n<!-- Facebook Like Button Vivacity Infotech BEGIN -->\n<div class=\"fb-like\" data-href=\"https:\/\/zeiss-orchester.de\/?tribe_events=herbstkonzert\" data-layout=\"button\" data-action=\"like\" data-show-faces=\"false\" data-size=\"small\" data-width=\"450\" data-share=\"1\" ><\/div>\n<!-- Facebook Like Button Vivacity Infotech END -->\n","protected":false},"excerpt":{"rendered":"<p>Das 135. Konzert des Sinfonieorchesters Carl Zeiss Jena verspricht, ein H\u00f6hepunkt in der Geschichte des Jenaer Klangk\u00f6rpers zu werden, der in diesem Jahr auf sein 80-j\u00e4hriges Bestehen zur\u00fcckblicken kann: Aus [&hellip;]<\/p>\n","protected":false},"author":2,"featured_media":0,"template":"","meta":{"_price":"","_stock":"","_tribe_ticket_header":"","_tribe_default_ticket_provider":"","_tribe_ticket_capacity":"0","_ticket_start_date":"","_ticket_end_date":"","_tribe_ticket_show_description":"","_tribe_ticket_show_not_going":false,"_tribe_ticket_use_global_stock":"","_tribe_ticket_global_stock_level":"","_global_stock_mode":"","_global_stock_cap":"","_tribe_rsvp_for_event":"","_tribe_ticket_going_count":"","_tribe_ticket_not_going_count":"","_tribe_tickets_list":"[]","_tribe_ticket_has_attendee_info_fields":false,"_tribe_events_status":"","_tribe_events_status_reason":"","footnotes":"","_tec_slr_enabled":"","_tec_slr_layout":""},"tags":[],"tribe_events_cat":[7],"class_list":["post-133","tribe_events","type-tribe_events","status-publish","hentry","tribe_events_cat-meine-schonste-melodie","cat_meine-schonste-melodie"],"ticketed":false,"_links":{"self":[{"href":"https:\/\/zeiss-orchester.de\/index.php?rest_route=\/wp\/v2\/tribe_events\/133","targetHints":{"allow":["GET"]}}],"collection":[{"href":"https:\/\/zeiss-orchester.de\/index.php?rest_route=\/wp\/v2\/tribe_events"}],"about":[{"href":"https:\/\/zeiss-orchester.de\/index.php?rest_route=\/wp\/v2\/types\/tribe_events"}],"author":[{"embeddable":true,"href":"https:\/\/zeiss-orchester.de\/index.php?rest_route=\/wp\/v2\/users\/2"}],"version-history":[{"count":0,"href":"https:\/\/zeiss-orchester.de\/index.php?rest_route=\/wp\/v2\/tribe_events\/133\/revisions"}],"wp:attachment":[{"href":"https:\/\/zeiss-orchester.de\/index.php?rest_route=%2Fwp%2Fv2%2Fmedia&parent=133"}],"wp:term":[{"taxonomy":"post_tag","embeddable":true,"href":"https:\/\/zeiss-orchester.de\/index.php?rest_route=%2Fwp%2Fv2%2Ftags&post=133"},{"taxonomy":"tribe_events_cat","embeddable":true,"href":"https:\/\/zeiss-orchester.de\/index.php?rest_route=%2Fwp%2Fv2%2Ftribe_events_cat&post=133"}],"curies":[{"name":"wp","href":"https:\/\/api.w.org\/{rel}","templated":true}]}}

Herbstkonzert: Gemeinschaftskonzert mit dem Oratorienchor Lüdenscheid zum 25. Jahrestag des Mauerfalls

<!-- Facebook Like Button Vivacity Infotech BEGIN -->
<div class="fb-like" data-href="https://zeiss-orchester.de/?tribe_events=herbstkonzert" data-layout="button" data-action="like" data-show-faces="false" data-size="small" data-width="450" data-share="1" ></div>
<!-- Facebook Like Button Vivacity Infotech END -->
<p style="text-align: justify;">Das 135. Konzert des Sinfonieorchesters Carl Zeiss Jena verspricht, ein Höhepunkt in der Geschichte des Jenaer Klangkörpers zu werden, der in diesem Jahr auf sein 80-jähriges Bestehen zurückblicken kann: Aus Anlass des 25. Jahrestages des Mauerfalls wird er gemeinsam mit dem Oratorienchor Lüdenscheid das kulturelle Zusammenwachsen der früher getrennten Teile Deutschlands hörbar demonstrieren.</p>
<p style="text-align: justify;">Der 1985 aus zwei Vorgängerchören gegründete Oratorienchor Lüdenscheid e.V. hat unter Leitung seines erfahrenen Leiters, des international erfahrenen Dirigenten und Organisten Peter Bonzelet, zahlreiche anspruchsvolle Chorwerke aufgeführt,darunter z.B. die „Carmina Burana“ von Carl Orff und die Kantate „Saint Nicolas“ von Benjamin Britten. Zur Zeit hat der Chor 68 Mitglieder.</p>
<p style="text-align: justify;">Zum Gemeinschaftskonzert am 26. Oktober erklingen Werke von:<br />
Antonin Dvorak, Bedrich Smetana, Franz Schubert, Johann Strauß,  Charles Gounod,  Giuseppe Verdi, Eduard Künneke, Richard Rodgers und Liebeslieder verschiedener Komponisten.</p>

<!-- Facebook Like Button Vivacity Infotech BEGIN -->
<div class="fb-like" data-href="https://zeiss-orchester.de/?tribe_events=herbstkonzert" data-layout="button" data-action="like" data-show-faces="false" data-size="small" data-width="450" data-share="1" ></div>
<!-- Facebook Like Button Vivacity Infotech END -->

<p>Das 135. Konzert des Sinfonieorchesters Carl Zeiss Jena verspricht, ein Höhepunkt in der Geschichte des Jenaer Klangkörpers zu werden, der in diesem Jahr auf sein 80-jähriges Bestehen zurückblicken kann: Aus [&hellip;]</p>
