{"id":6,"date":"2013-01-07T01:52:30","date_gmt":"2013-01-06T23:52:30","guid":{"rendered":"http:\/\/arbeitstitel.bplaced.de\/?page_id=6"},"modified":"2026-02-24T14:06:09","modified_gmt":"2026-02-24T13:06:09","slug":"uber-uns","status":"publish","type":"page","link":"https:\/\/zeiss-orchester.de\/?page_id=6","title":{"rendered":"\u00dcBER UNS"},"content":{"rendered":"\n<!-- Facebook Like Button Vivacity Infotech BEGIN -->\n<div class=\"fb-like\" data-href=\"https:\/\/zeiss-orchester.de\/?page_id=6\" data-layout=\"button\" data-action=\"like\" data-show-faces=\"false\" data-size=\"small\" data-width=\"450\" data-share=\"1\" ><\/div>\n<!-- Facebook Like Button Vivacity Infotech END -->\n<p><strong>IN K\u00dcRZE:\u00a0\u00a0\u00a0\u00a0\u00a0 \u00a0 \u00a0 \u00a0 \u00a0 \u00a0 \u00a0 \u00a0 \u00a0 \u00a0 \u00a0 \u00a0 \u00a0 <\/strong><\/p>\n<ul>\n<li style=\"list-style-type: none;\">\n<ul>\n<li style=\"list-style-type: none;\">\n<ul>\n<li><span style=\"font-size: small;\">Die Stammbesetzung besteht aus etwa 40 Musikern. Der musikalische Schwerpunkt liegt auf Ouvert\u00fcren, Operetten und Medleys. <\/span><\/li>\n<li><span style=\"font-size: small;\">Konzerte: Als Veranstalter geben wir drei Konzerte pro Jahr. Zus\u00e4tzlich gibt es ein Sonderkonzert pro Jahr, wie zum Beispiel ein Benefizkonzert. <\/span><\/li>\n<li><span style=\"font-size: small;\">Proben: Die Proben finden einmal w\u00f6chentlich statt, und zwar Montags 18 -20.15 Uhr im Schulungsraum des DRK in der Dammstr. 32 in Jena-Ost; dazu j\u00e4hrlich ein Probentag bzw. Probenwochenende.\u00a0 \u00a0 \u00a0 \u00a0 \u00a0<\/span><\/li>\n<\/ul>\n<\/li>\n<\/ul>\n<\/li>\n<\/ul>\n<p style=\"padding-left: 30px;\"><strong><span style=\"color: #8c0b0b;\">Wir suchen auch immer Musikerinnen und Musiker, die bei uns mitspielen. Bitte lesen Sie bei MITSPIELER GESUCHT weiter.\u00a0 \u00a0 \u00a0 \u00a0 \u00a0 \u00a0 \u00a0 \u00a0 \u00a0 \u00a0 \u00a0 \u00a0 \u00a0 \u00a0 \u00a0 \u00a0 \u00a0 \u00a0 \u00a0 \u00a0 \u00a0 \u00a0 \u00a0 \u00a0 \u00a0 \u00a0 \u00a0 \u00a0 \u00a0 \u00a0 \u00a0 \u00a0 \u00a0 \u00a0 \u00a0 \u00a0 \u00a0 \u00a0 \u00a0 \u00a0 \u00a0 \u00a0 \u00a0<\/span><\/strong><\/p>\n<p>Unsere Musiker k\u00f6nnen auch als Solisten auftreten! Ein sch\u00f6nes Beispiel hierf\u00fcr bot unser Fr\u00fchlingskonzert 2018.\u00a0 Hier sehen Sie unsere Ute (T\u00f6pferin) am Fagott:<\/p>\n<p><iframe loading=\"lazy\" src=\"https:\/\/www.youtube.com\/embed\/1571TNi30ZI?ecver=1\" width=\"640\" height=\"360\" frameborder=\"0\" allowfullscreen=\"allowfullscreen\"><\/iframe><\/p>\n<p>Das Sinfonieorchester Carl Zeiss Jena e.V. ist ein Laienorchester mit einer Stammbesetzung von etwa 40 Musikbegeisterten zwischen Sch\u00fcler und Rentner. Wir geben drei eigene Konzerte im Jahr, die in der Regel im Gro\u00dfen Saal des Volkshauses in Jena stattfinden. Daneben beteiligen wir uns gerne an musikalischen Kooperationen oder Projekten und spielen bei Benefizveranstaltungen oder zu anderen Anl\u00e4ssen.<\/p>\n<div align=\"justify\">\n<p>Unsere eigenen Konzerte sind unter dem Sammelbegriff <a href=\"?tribe_events_cat=meine-schonste-melodie\">&#8222;Meine sch\u00f6ne Melodie&#8220;<\/a> zusammengefasst und nehmen im Jenaer Kulturleben schon seit den 1970er Jahren einen festen Platz ein. Der musikalische Fokus liegt bei der <em>leichten Musik<\/em>, den Ouvert\u00fcren, Operetten, Promenaden- oder Filmmusik, aber auch Medleys und Ausschnitten aus moderneren Werken.<\/p>\n<p>Hier sehen Sie z.B. unsere Interpretation des ber\u00fchmten St\u00fccks &#8222;Der Schreibmaschinenspieler&#8220; von Leroy Anderson:<br \/>\n<iframe loading=\"lazy\" src=\"https:\/\/www.youtube.com\/embed\/ySUteM1zX_8?ecver=1\" width=\"640\" height=\"360\" frameborder=\"0\" allowfullscreen=\"allowfullscreen\"><\/iframe><\/p>\n<p>\u00dcber unsere w\u00f6chentliche Probenarbeit hinaus veranstalten wir Probentage und -wochenenden, machen kleine Tourneen und Gastspiele oder treffen uns, gerne auch in kleinerer Besetzung, zu Kammerkonzerten, Barockmusik oder Bl\u00e4serrunden.<\/p>\n<\/div>\n<ul>\n<li><a href=\"\/?p=96\" target=\"_blank\" rel=\"noopener noreferrer\">Impressum<\/a><\/li>\n<li><a href=\"?page_id=167\" target=\"_blank\" rel=\"noopener noreferrer\">Unser Vorstand<\/a><\/li>\n<li><a href=\"https:\/\/zeiss-orchester.de\/wp-content\/uploads\/2018\/06\/Datenverarbeitungsverzeichnis-1.pdf\">Datenverarbeitungsverzeichnis<\/a><\/li>\n<\/ul>\n\n<!-- Facebook Like Button Vivacity Infotech BEGIN -->\n<div class=\"fb-like\" data-href=\"https:\/\/zeiss-orchester.de\/?page_id=6\" data-layout=\"button\" data-action=\"like\" data-show-faces=\"false\" data-size=\"small\" data-width=\"450\" data-share=\"1\" ><\/div>\n<!-- Facebook Like Button Vivacity Infotech END -->\n","protected":false},"excerpt":{"rendered":"<p>IN K\u00dcRZE:\u00a0\u00a0\u00a0\u00a0\u00a0 \u00a0 \u00a0 \u00a0 \u00a0 \u00a0 \u00a0 \u00a0 \u00a0 \u00a0 \u00a0 \u00a0 \u00a0 Die Stammbesetzung besteht aus etwa 40 Musikern. Der musikalische Schwerpunkt liegt auf Ouvert\u00fcren, Operetten und Medleys. [&hellip;]<\/p>\n","protected":false},"author":2,"featured_media":0,"parent":0,"menu_order":0,"comment_status":"open","ping_status":"closed","template":"","meta":{"_price":"","_stock":"","_tribe_ticket_header":"","_tribe_default_ticket_provider":"","_tribe_ticket_capacity":"0","_ticket_start_date":"","_ticket_end_date":"","_tribe_ticket_show_description":"","_tribe_ticket_show_not_going":false,"_tribe_ticket_use_global_stock":"","_tribe_ticket_global_stock_level":"","_global_stock_mode":"","_global_stock_cap":"","_tribe_rsvp_for_event":"","_tribe_ticket_going_count":"","_tribe_ticket_not_going_count":"","_tribe_tickets_list":"[]","_tribe_ticket_has_attendee_info_fields":false,"footnotes":"","_tec_slr_enabled":"","_tec_slr_layout":""},"class_list":["post-6","page","type-page","status-publish","hentry"],"ticketed":false,"_links":{"self":[{"href":"https:\/\/zeiss-orchester.de\/index.php?rest_route=\/wp\/v2\/pages\/6","targetHints":{"allow":["GET"]}}],"collection":[{"href":"https:\/\/zeiss-orchester.de\/index.php?rest_route=\/wp\/v2\/pages"}],"about":[{"href":"https:\/\/zeiss-orchester.de\/index.php?rest_route=\/wp\/v2\/types\/page"}],"author":[{"embeddable":true,"href":"https:\/\/zeiss-orchester.de\/index.php?rest_route=\/wp\/v2\/users\/2"}],"replies":[{"embeddable":true,"href":"https:\/\/zeiss-orchester.de\/index.php?rest_route=%2Fwp%2Fv2%2Fcomments&post=6"}],"version-history":[{"count":34,"href":"https:\/\/zeiss-orchester.de\/index.php?rest_route=\/wp\/v2\/pages\/6\/revisions"}],"predecessor-version":[{"id":3433,"href":"https:\/\/zeiss-orchester.de\/index.php?rest_route=\/wp\/v2\/pages\/6\/revisions\/3433"}],"wp:attachment":[{"href":"https:\/\/zeiss-orchester.de\/index.php?rest_route=%2Fwp%2Fv2%2Fmedia&parent=6"}],"curies":[{"name":"wp","href":"https:\/\/api.w.org\/{rel}","templated":true}]}}

ÜBER UNS

<!-- Facebook Like Button Vivacity Infotech BEGIN -->
<div class="fb-like" data-href="https://zeiss-orchester.de/?page_id=6" data-layout="button" data-action="like" data-show-faces="false" data-size="small" data-width="450" data-share="1" ></div>
<!-- Facebook Like Button Vivacity Infotech END -->
<p><strong>IN KÜRZE:                              </strong></p>
<ul>
<li style="list-style-type: none;">
<ul>
<li style="list-style-type: none;">
<ul>
<li><span style="font-size: small;">Die Stammbesetzung besteht aus etwa 40 Musikern. Der musikalische Schwerpunkt liegt auf Ouvertüren, Operetten und Medleys. </span></li>
<li><span style="font-size: small;">Konzerte: Als Veranstalter geben wir drei Konzerte pro Jahr. Zusätzlich gibt es ein Sonderkonzert pro Jahr, wie zum Beispiel ein Benefizkonzert. </span></li>
<li><span style="font-size: small;">Proben: Die Proben finden einmal wöchentlich statt, und zwar Montags 18 -20.15 Uhr im Schulungsraum des DRK in der Dammstr. 32 in Jena-Ost; dazu jährlich ein Probentag bzw. Probenwochenende.         </span></li>
</ul>
</li>
</ul>
</li>
</ul>
<p style="padding-left: 30px;"><strong><span style="color: #8c0b0b;">Wir suchen auch immer Musikerinnen und Musiker, die bei uns mitspielen. Bitte lesen Sie bei MITSPIELER GESUCHT weiter.                                                                                     </span></strong></p>
<p>Unsere Musiker können auch als Solisten auftreten! Ein schönes Beispiel hierfür bot unser Frühlingskonzert 2018.  Hier sehen Sie unsere Ute (Töpferin) am Fagott:</p>
<p><iframe loading="lazy" src="https://www.youtube.com/embed/1571TNi30ZI?ecver=1" width="640" height="360" frameborder="0" allowfullscreen="allowfullscreen"></iframe></p>
<p>Das Sinfonieorchester Carl Zeiss Jena e.V. ist ein Laienorchester mit einer Stammbesetzung von etwa 40 Musikbegeisterten zwischen Schüler und Rentner. Wir geben drei eigene Konzerte im Jahr, die in der Regel im Großen Saal des Volkshauses in Jena stattfinden. Daneben beteiligen wir uns gerne an musikalischen Kooperationen oder Projekten und spielen bei Benefizveranstaltungen oder zu anderen Anlässen.</p>
<div align="justify">
<p>Unsere eigenen Konzerte sind unter dem Sammelbegriff <a href="?tribe_events_cat=meine-schonste-melodie">&#8222;Meine schöne Melodie&#8220;</a> zusammengefasst und nehmen im Jenaer Kulturleben schon seit den 1970er Jahren einen festen Platz ein. Der musikalische Fokus liegt bei der <em>leichten Musik</em>, den Ouvertüren, Operetten, Promenaden- oder Filmmusik, aber auch Medleys und Ausschnitten aus moderneren Werken.</p>
<p>Hier sehen Sie z.B. unsere Interpretation des berühmten Stücks &#8222;Der Schreibmaschinenspieler&#8220; von Leroy Anderson:<br />
<iframe loading="lazy" src="https://www.youtube.com/embed/ySUteM1zX_8?ecver=1" width="640" height="360" frameborder="0" allowfullscreen="allowfullscreen"></iframe></p>
<p>Über unsere wöchentliche Probenarbeit hinaus veranstalten wir Probentage und -wochenenden, machen kleine Tourneen und Gastspiele oder treffen uns, gerne auch in kleinerer Besetzung, zu Kammerkonzerten, Barockmusik oder Bläserrunden.</p>
</div>
<ul>
<li><a href="/?p=96" target="_blank" rel="noopener noreferrer">Impressum</a></li>
<li><a href="?page_id=167" target="_blank" rel="noopener noreferrer">Unser Vorstand</a></li>
<li><a href="https://zeiss-orchester.de/wp-content/uploads/2018/06/Datenverarbeitungsverzeichnis-1.pdf">Datenverarbeitungsverzeichnis</a></li>
</ul>

<!-- Facebook Like Button Vivacity Infotech BEGIN -->
<div class="fb-like" data-href="https://zeiss-orchester.de/?page_id=6" data-layout="button" data-action="like" data-show-faces="false" data-size="small" data-width="450" data-share="1" ></div>
<!-- Facebook Like Button Vivacity Infotech END -->

<p>IN KÜRZE:                              Die Stammbesetzung besteht aus etwa 40 Musikern. Der musikalische Schwerpunkt liegt auf Ouvertüren, Operetten und Medleys. [&hellip;]</p>
