{"id":1024,"date":"2017-12-04T17:27:42","date_gmt":"2017-12-04T17:27:42","guid":{"rendered":"http:\/\/zeiss-orchester.de\/?page_id=1024"},"modified":"2024-03-17T06:08:18","modified_gmt":"2024-03-17T05:08:18","slug":"geschichte","status":"publish","type":"page","link":"https:\/\/zeiss-orchester.de\/?page_id=1024","title":{"rendered":"Geschichte"},"content":{"rendered":"\n<!-- Facebook Like Button Vivacity Infotech BEGIN -->\n<div class=\"fb-like\" data-href=\"https:\/\/zeiss-orchester.de\/?page_id=1024\" data-layout=\"button\" data-action=\"like\" data-show-faces=\"false\" data-size=\"small\" data-width=\"450\" data-share=\"1\" ><\/div>\n<!-- Facebook Like Button Vivacity Infotech END -->\n<p><span style=\"font-family: Comic Sans MS, cursive;\"><span style=\"font-size: small;\"><i><b>Die Geschichte des <\/b><\/i><\/span><\/span><span style=\"font-family: Comic Sans MS, cursive;\"><span style=\"font-size: small;\"><i><b>Sinfonieorchester Carl Zeiss Jena <\/b><\/i><\/span><\/span><span style=\"font-family: Comic Sans MS, cursive;\"><span style=\"font-size: small;\"><i>begann am 1. M\u00e4rz 1934, also sogar noch einige Wochen vor der Gr\u00fcndung des Jenaer Sinfonieorchesters, das der Vorg\u00e4nger der Philharmonie war. <\/i><\/span><\/span><span style=\"font-family: Comic Sans MS, cursive;\"><span style=\"font-size: small;\"><i>Aus der Taufe gehoben wurde das Orchester von 25 Zeissianern, die mit Zustimmung der Gesch\u00e4ftsleitung des Zeiss- Unternehmens die Blaskapelle Zeiss gr\u00fcndeten. Streicher kamen dann auch noch hinzu. Sp\u00e4ter machte das Orchester H\u00f6hen und Tiefen durch. Durch den Krieg arg dezimiert, waren die Neuanf\u00e4nge ermutigend. Bereits Mitte 1946 ist ein erster Konzertauftritt in den Quellen belegt. In den 50er Jahren erlebte das Carl-Zeiss-Sinfonieorchester sogar eine gro\u00dfe Bl\u00fcte. Bis zu 100 Mitglieder hatte das Betriebs-Ensemble, wobei zu den ca. 70 Sinfonikern auch eine Tanzgruppe und ein Chor geh\u00f6rten. Es wurde zum offiziellen \u201eKlangk\u00f6rper\u201c und Aush\u00e4ngeschild des VEB Carl Zeiss Jena. Das Orchester erhielt alle nur denkbare F\u00f6rderung, so dass es m\u00f6glich war, zahlreiche Konzerte mit namhaften Solisten aufzuf\u00fchren. Und dank der wohlwollenden Unterst\u00fctzung des damaligen Werkdirektors Hugo Schrade spielte das Laienorchester auch oft w\u00e4hrend der Pausen auf dem Hof des Hauptwerkes von Carl Zeiss (der jetzige Ernst- Abbe- Platz mit dem Campus der Universit\u00e4t), damit Arbeiter und Angestellte ihre Kr\u00e4fte auffrischen konnten. Der 5. Dirigent hie\u00df Erich Kley. Er ist einigen der heute Mitspielenden noch bekannt. <\/i><\/span><\/span><span style=\"font-family: Comic Sans MS, cursive;\"><span style=\"font-size: small;\"><i>Nach seinem Tod \u00fcbernahm der Geiger der Jenaer Philharmonie Roland Weske das Orchester. <\/i><\/span><\/span><span style=\"font-family: Comic Sans MS, cursive;\"><span style=\"font-size: small;\"><i><strong>Erstmals dirigierte er im Dezember des Jahres 1988 das<\/strong> <strong>Weihnachtskonzert<\/strong>.\u00a0 Herr Weske war von 1989 \u2013 1991 hauptamtlich f\u00fcr die k\u00fcnstlerische Leitung des Zeiss- Orchesters bei den Zeiss- Werken angestellt; hatte daf\u00fcr seine Stelle bei der Philharmonie gek\u00fcndigt.\u00a0 \u00a0 \u00a0<\/i><\/span><\/span><\/p>\n<hr \/>\n<p><span style=\"font-family: Comic Sans MS, cursive;\"><span style=\"font-size: small;\"><i>Nac<\/i><\/span><\/span><span style=\"font-family: Comic Sans MS, cursive;\"><span style=\"font-size: small;\"><i>h der politischen Wende ab 1990 musste das Orchester versuchen, eine neue Organisationsform zu finden. Dazu wurde das \u201eSinfonieorchester Carl Zeiss Jena\u201c als eingetragener Verein gegr\u00fcndet. Der Orchesterbetrieb konnte nur durch den tatkr\u00e4ftigen und unbezahlbaren Einsatz des damaligen Vorstandes und insbesondere des Dirigenten Roland Weske weitergef\u00fchrt werden. <\/i><\/span><\/span><span style=\"font-family: Comic Sans MS, cursive;\"><span style=\"font-size: small;\"><i>Seit 1977 pflegt das Orchester die sogenannte \u201epopul\u00e4re Klassik\u201c. Die damals von Erich Kley gegr\u00fcndete Konzertreihe \u201eMeine sch\u00f6nste Melodie\u201c ist Anziehungspunkt f\u00fcr viele Musikbegeisterte und nimmt einen wichtigen Platz im Jenaer Kulturleben ein. Im Jahr 2023\u00a0 war Roland Weske 60 Jahre Mitglied des Sinfonieorchesters &#8222;Carl Zeiss&#8220; und 35 Jahre Dirigent. F\u00fcr seine Verdienste wurde er vom Landesmusikrat Th\u00fcringen und vom Landesverband der Laienorchester geehrt. Im Jahr 2024 begeht das SOZ Jena sein 90. Gr\u00fcndungsjubil\u00e4um mit einem Festkonzert am 20. Oktober 2024 im Volkshaus.\u00a0 \u00a0 \u00a0 \u00a0 \u00a0 \u00a0 \u00a0 \u00a0 \u00a0 \u00a0 \u00a0 \u00a0 \u00a0 \u00a0 \u00a0 \u00a0 \u00a0 \u00a0 \u00a0 \u00a0 \u00a0 \u00a0 \u00a0 \u00a0 \u00a0 \u00a0 \u00a0 \u00a0 \u00a0 \u00a0 \u00a0 \u00a0 \u00a0 \u00a0 \u00a0 \u00a0 \u00a0 \u00a0 \u00a0 \u00a0 \u00a0 \u00a0 \u00a0 \u00a0 \u00a0 \u00a0 \u00a0 \u00a0 \u00a0 \u00a0 \u00a0 \u00a0 \u00a0 \u00a0 \u00a0 \u00a0 \u00a0 \u00a0 \u00a0 \u00a0 \u00a0 \u00a0 \u00a0 \u00a0 \u00a0 \u00a0 \u00a0 \u00a0 \u00a0 <\/i><\/span><\/span><span style=\"font-family: Comic Sans MS, cursive;\"><span style=\"font-size: small;\"><i>\u00a0 \u00a0 \u00a0 \u00a0 \u00a0 \u00a0 \u00a0 \u00a0 \u00a0 \u00a0 \u00a0 \u00a0 \u00a0 \u00a0 \u00a0 \u00a0 \u00a0 \u00a0 \u00a0 \u00a0 \u00a0 \u00a0 \u00a0 \u00a0 \u00a0 \u00a0 \u00a0 \u00a0 \u00a0 \u00a0 \u00a0 \u00a0 \u00a0 \u00a0 \u00a0 \u00a0 \u00a0 \u00a0 \u00a0 \u00a0 \u00a0 \u00a0 \u00a0 \u00a0 \u00a0 \u00a0 \u00a0 \u00a0 \u00a0 \u00a0 \u00a0 \u00a0 \u00a0 \u00a0 \u00a0 \u00a0 \u00a0 \u00a0 \u00a0 \u00a0 \u00a0 \u00a0 \u00a0 \u00a0 \u00a0<\/i><\/span><\/span><\/p>\n\n<!-- Facebook Like Button Vivacity Infotech BEGIN -->\n<div class=\"fb-like\" data-href=\"https:\/\/zeiss-orchester.de\/?page_id=1024\" data-layout=\"button\" data-action=\"like\" data-show-faces=\"false\" data-size=\"small\" data-width=\"450\" data-share=\"1\" ><\/div>\n<!-- Facebook Like Button Vivacity Infotech END -->\n","protected":false},"excerpt":{"rendered":"<p>Die Geschichte des Sinfonieorchester Carl Zeiss Jena begann am 1. M\u00e4rz 1934, also sogar noch einige Wochen vor der Gr\u00fcndung des Jenaer Sinfonieorchesters, das der Vorg\u00e4nger der Philharmonie war. Aus [&hellip;]<\/p>\n","protected":false},"author":2,"featured_media":0,"parent":0,"menu_order":0,"comment_status":"closed","ping_status":"closed","template":"","meta":{"_price":"","_stock":"","_tribe_ticket_header":"","_tribe_default_ticket_provider":"","_tribe_ticket_capacity":"0","_ticket_start_date":"","_ticket_end_date":"","_tribe_ticket_show_description":"","_tribe_ticket_show_not_going":false,"_tribe_ticket_use_global_stock":"","_tribe_ticket_global_stock_level":"","_global_stock_mode":"","_global_stock_cap":"","_tribe_rsvp_for_event":"","_tribe_ticket_going_count":"","_tribe_ticket_not_going_count":"","_tribe_tickets_list":"[]","_tribe_ticket_has_attendee_info_fields":false,"footnotes":"","_tec_slr_enabled":"","_tec_slr_layout":""},"class_list":["post-1024","page","type-page","status-publish","hentry"],"ticketed":false,"_links":{"self":[{"href":"https:\/\/zeiss-orchester.de\/index.php?rest_route=\/wp\/v2\/pages\/1024","targetHints":{"allow":["GET"]}}],"collection":[{"href":"https:\/\/zeiss-orchester.de\/index.php?rest_route=\/wp\/v2\/pages"}],"about":[{"href":"https:\/\/zeiss-orchester.de\/index.php?rest_route=\/wp\/v2\/types\/page"}],"author":[{"embeddable":true,"href":"https:\/\/zeiss-orchester.de\/index.php?rest_route=\/wp\/v2\/users\/2"}],"replies":[{"embeddable":true,"href":"https:\/\/zeiss-orchester.de\/index.php?rest_route=%2Fwp%2Fv2%2Fcomments&post=1024"}],"version-history":[{"count":14,"href":"https:\/\/zeiss-orchester.de\/index.php?rest_route=\/wp\/v2\/pages\/1024\/revisions"}],"predecessor-version":[{"id":2877,"href":"https:\/\/zeiss-orchester.de\/index.php?rest_route=\/wp\/v2\/pages\/1024\/revisions\/2877"}],"wp:attachment":[{"href":"https:\/\/zeiss-orchester.de\/index.php?rest_route=%2Fwp%2Fv2%2Fmedia&parent=1024"}],"curies":[{"name":"wp","href":"https:\/\/api.w.org\/{rel}","templated":true}]}}

<!-- Facebook Like Button Vivacity Infotech BEGIN -->
<div class="fb-like" data-href="https://zeiss-orchester.de/?page_id=1024" data-layout="button" data-action="like" data-show-faces="false" data-size="small" data-width="450" data-share="1" ></div>
<!-- Facebook Like Button Vivacity Infotech END -->
<p><span style="font-family: Comic Sans MS, cursive;"><span style="font-size: small;"><i><b>Die Geschichte des </b></i></span></span><span style="font-family: Comic Sans MS, cursive;"><span style="font-size: small;"><i><b>Sinfonieorchester Carl Zeiss Jena </b></i></span></span><span style="font-family: Comic Sans MS, cursive;"><span style="font-size: small;"><i>begann am 1. März 1934, also sogar noch einige Wochen vor der Gründung des Jenaer Sinfonieorchesters, das der Vorgänger der Philharmonie war. </i></span></span><span style="font-family: Comic Sans MS, cursive;"><span style="font-size: small;"><i>Aus der Taufe gehoben wurde das Orchester von 25 Zeissianern, die mit Zustimmung der Geschäftsleitung des Zeiss- Unternehmens die Blaskapelle Zeiss gründeten. Streicher kamen dann auch noch hinzu. Später machte das Orchester Höhen und Tiefen durch. Durch den Krieg arg dezimiert, waren die Neuanfänge ermutigend. Bereits Mitte 1946 ist ein erster Konzertauftritt in den Quellen belegt. In den 50er Jahren erlebte das Carl-Zeiss-Sinfonieorchester sogar eine große Blüte. Bis zu 100 Mitglieder hatte das Betriebs-Ensemble, wobei zu den ca. 70 Sinfonikern auch eine Tanzgruppe und ein Chor gehörten. Es wurde zum offiziellen „Klangkörper“ und Aushängeschild des VEB Carl Zeiss Jena. Das Orchester erhielt alle nur denkbare Förderung, so dass es möglich war, zahlreiche Konzerte mit namhaften Solisten aufzuführen. Und dank der wohlwollenden Unterstützung des damaligen Werkdirektors Hugo Schrade spielte das Laienorchester auch oft während der Pausen auf dem Hof des Hauptwerkes von Carl Zeiss (der jetzige Ernst- Abbe- Platz mit dem Campus der Universität), damit Arbeiter und Angestellte ihre Kräfte auffrischen konnten. Der 5. Dirigent hieß Erich Kley. Er ist einigen der heute Mitspielenden noch bekannt. </i></span></span><span style="font-family: Comic Sans MS, cursive;"><span style="font-size: small;"><i>Nach seinem Tod übernahm der Geiger der Jenaer Philharmonie Roland Weske das Orchester. </i></span></span><span style="font-family: Comic Sans MS, cursive;"><span style="font-size: small;"><i><strong>Erstmals dirigierte er im Dezember des Jahres 1988 das</strong> <strong>Weihnachtskonzert</strong>.  Herr Weske war von 1989 – 1991 hauptamtlich für die künstlerische Leitung des Zeiss- Orchesters bei den Zeiss- Werken angestellt; hatte dafür seine Stelle bei der Philharmonie gekündigt.     </i></span></span></p>
<hr />
<p><span style="font-family: Comic Sans MS, cursive;"><span style="font-size: small;"><i>Nac</i></span></span><span style="font-family: Comic Sans MS, cursive;"><span style="font-size: small;"><i>h der politischen Wende ab 1990 musste das Orchester versuchen, eine neue Organisationsform zu finden. Dazu wurde das „Sinfonieorchester Carl Zeiss Jena“ als eingetragener Verein gegründet. Der Orchesterbetrieb konnte nur durch den tatkräftigen und unbezahlbaren Einsatz des damaligen Vorstandes und insbesondere des Dirigenten Roland Weske weitergeführt werden. </i></span></span><span style="font-family: Comic Sans MS, cursive;"><span style="font-size: small;"><i>Seit 1977 pflegt das Orchester die sogenannte „populäre Klassik“. Die damals von Erich Kley gegründete Konzertreihe „Meine schönste Melodie“ ist Anziehungspunkt für viele Musikbegeisterte und nimmt einen wichtigen Platz im Jenaer Kulturleben ein. Im Jahr 2023  war Roland Weske 60 Jahre Mitglied des Sinfonieorchesters &#8222;Carl Zeiss&#8220; und 35 Jahre Dirigent. Für seine Verdienste wurde er vom Landesmusikrat Thüringen und vom Landesverband der Laienorchester geehrt. Im Jahr 2024 begeht das SOZ Jena sein 90. Gründungsjubiläum mit einem Festkonzert am 20. Oktober 2024 im Volkshaus.                                                                                                                                          </i></span></span><span style="font-family: Comic Sans MS, cursive;"><span style="font-size: small;"><i>                                                                                                                                 </i></span></span></p>

<!-- Facebook Like Button Vivacity Infotech BEGIN -->
<div class="fb-like" data-href="https://zeiss-orchester.de/?page_id=1024" data-layout="button" data-action="like" data-show-faces="false" data-size="small" data-width="450" data-share="1" ></div>
<!-- Facebook Like Button Vivacity Infotech END -->

<p>Die Geschichte des Sinfonieorchester Carl Zeiss Jena begann am 1. März 1934, also sogar noch einige Wochen vor der Gründung des Jenaer Sinfonieorchesters, das der Vorgänger der Philharmonie war. Aus [&hellip;]</p>
